 (-13 + 7) - (24 - 46)?
16
Calculate 31 + -40 + -1 + 6 - 3.
-7
What is -40 - (-25 - -29) - (-3 + -6)?
-35
What is -1 + (0 - (1 - -2)) + (330 - 344)?
-18
Calculate (-1 - 3) + -3 + 0 + 0 + 4.
-3
What is -91 - -103 - (0 - -37) - -12?
-13
What is 1 + 1 + -4 + (9 + -39 - -36)?
4
Evaluate -2 + (6 + 0 - (-24 - 4 - -4)).
28
What is the value of (23 - (-15 + 25)) + 9 + -3?
19
Calculate 14 + -8 + 13 + 9 + -20 + 0.
8
Evaluate -7 + -3 + (2 - 12) + 18.
-2
Calculate 21 + (4 - (8 - (6 - 6))).
17
What is -22 + (-9 - -38) - -4?
11
9 + -31 + 14 + 9
1
Calculate -68 - -55 - (10 - 4).
-19
Calculate 8 - (7 + -2 - -8).
-5
-11 + 27 + -2 - -22
36
-15 + 0 - (40 + -40) - (-5 - 1)
-9
(9 - 0) + 227 + -232
4
What is the value of 6 - (10 - 16 - (3 + 3) - -9)?
9
Calculate 0 + (1 - 10) + -586 + 593.
-2
Evaluate -4 - (0 + (5 - 17)) - -28.
36
Calculate (45 - 82 - -47) + (-1 - (13 + 0)).
-4
29 + (7 - 17 - 32)
-13
5 + -20 - (-4 - (2 - -3 - 3))
-9
Evaluate 58 + -64 + (37 - (2 - -2 - 2)).
29
-85 - -87 - (-15 + 1)
16
Calculate (72 - (-37 + 98)) + -19 + -1.
-9
What is -10 - (12 - (-8 - -17) - (3 + -1))?
-11
-6 + 12 + -28 + 24
2
What is 9 - ((-13 - (3 + -21)) + (2 - 11))?
13
What is 3 + (-25 + 27 - 8)?
-3
What is -2 + -5 + -6 + -5?
-18
What is (0 - 5) + 7 - (-8 - 1)?
11
Evaluate -1 - (-14 + 65 + -35).
-17
Evaluate (0 - 10 - -11) + -12 + 5.
-6
Calculate 21 - (-7 - -28 - 7).
7
Evaluate -2 - (-8 - (10 - 9)).
7
What is the value of -11 + 7 + -15 + (22 - 7)?
-4
Evaluate -6 + 5 - -3 - (-31 + 24 + -13).
22
(3 - 3) + -10 + 382 + -373
-1
What is -56 - (-55 + 3 + 20)?
-24
Calculate -2 + 5 - (-2 - (-11 + 12 + -11)).
-5
Calculate 301 + -280 + -47 + 3.
-23
0 + 14 - (-36 - -45)
5
Calculate 25 + (-21 - (9 + 17)).
-22
(-5 + (4 - (7 + -3)) - -3) + 9
7
-7 + 17 + (-3 - -1) + (48 - 42)
14
Evaluate (-9 - -21) + 1 - (-3 + 0).
16
(22 - (28 + -15)) + -5 + -21 + 0
-17
13 - (-34 + 24 - (1 + -3 + -2))
19
What is (45 - (-28 + 78)) + 2 + -33?
-36
0 + (11 - 10) + -9 + 14
6
Evaluate 5 + (0 - (-4 + 1) - (1 + 0)).
7
0 + (22 + -15 - -3)
10
-7 + 4 + 21 - (4 - -29)
-15
-12 + 5 - (1 + -1 - 0 - -7)
-14
What is the value of (3 - (-1 - 0)) + (-45 - 3) + 56?
12
Evaluate 2 + -1 + -25 - (673 + -681).
-16
1 + (-2 + -4 - -1)
-4
Calculate -13 + 8 + (-7 - 1).
-13
Evaluate -75 - -85 - (13 + -2).
-1
Evaluate -2 + 19 + -10 - (-1 + -6 - 1).
15
Evaluate 1 - -13 - ((74 - -2) + -84).
22
What is the value of (-16 - (-18 - -11)) + 16?
7
11 + (-18 + 12 - (-2 - -3))
4
Calculate 0 - (-11 + (21 - -6)).
-16
Evaluate -1 + -7 + -257 + 267.
2
Evaluate (-1 - 0) + (7 - -1 - (-79 - -78)).
8
What is 24 + (-2 - 15) + (1 - 1) + 0?
7
-41 + 22 - (5 - 10)
-14
Calculate 8 + -12 + -7 - -4 - (23 + -1).
-29
Evaluate 0 - 1 - 1 - (111 + -36 - 75).
-2
What is -24 + -22 - (-1 + -23)?
-22
Evaluate -28 + -16 + 57 - 3.
10
4 + 1 - ((7 - 17) + 12 + -8)
11
What is (-326 - -336) + 6 + -1?
15
Evaluate (1219 - 1250) + (9 - 1).
-23
Evaluate -6 + 9 + 15 - 14.
4
Evaluate 46 + -36 + -33 + 1.
-22
-336 + 329 + (-2 + 2 - -18)
11
Evaluate 42 - 12 - (8 + 11).
11
What is -9 + (7 - -5) + -5 + 1?
-1
20 + -12 + 6 + -32
-18
What is (-21 - (16 - 26)) + 28?
17
(-369 - -368) + -4 + 1
-4
What is 3 + (13 + -5 - (-1 + 2))?
10
What is -124 - -136 - (-1 + 11) - 10?
-8
Calculate (8 - 5) + 4 + -6 + 19 + 0.
20
What is the value of -4 + 7 + -1 + -1 - (-17 + 15)?
3
Calculate -33 + 26 + -19 + 47.
21
123 - 130 - (5 + (0 - (-8 - -4)))
-16
Calculate -22 + 21 - (0 - 0).
-1
What is -18 + -1 + -1 + (-6 - -17) + -6?
-15
What is (-374 - -339) + (0 - -30)?
-5
(13 - 1) + 5 - ((-4 - -4) + 0)
17
What is -4 + (-1 - 2) + 27 + -8?
12
What is -11 + 25 + -21 + 12?
5
(32 + -7 - 4) + -31
-10
Calculate -174 + 179 - (-4 - 12).
21
-2 + 0 - -1 - 4 - (-5 - -5)
-5
Calculate 21 - (7 - 11 - -42).
-17
56 - 52 - ((-4 - 0) + -3)
11
What is the value of 1 - (-2 - 11) - 3?
11
Evaluate 13 - 7 - 4 - 5.
-3
What is -17 + (-5 + -3 - -26)?
1
Calculate -33 + (6 - 1) + 14 - 18.
-32
What is the value of 0 - (-4 - -1) - (-213 - -227)?
-11
Calculate -150 - -126 - (-57 + -6).
39
212 + -198 - (-1 + 13)
2
What is the value of (15 - (-11 - -13) - -9) + -8?
14
Calculate 17 + -19 + (3 - 1 - 22).
-22
What is the value of (6 - 24) + 11 + (-6 - -1)?
-12
Evaluate -5 - (-2 - (-38 + 24)).
-17
Evaluate (5 - 2) + -15 + 7 - (-11 - -1).
5
13 + (4 - 5) + -3 - (1 + 0)
8
Calculate 0 - (2 - 0) - (-15 - -15).
-2
Calculate 0 + 5 + 4 + (34 - 51).
-8
-4 + 13 - (321 + -307)
-5
What is the value of -23 + 12 + 13 + -23 + 2?
-19
-17 + -20 + 21 - -32
16
Evaluate 10 + -21 + (20 - 12) + 18.
15
(5 - 4 - -3) + 3 + -5 + -13
-11
What is the value of 4 + -13 - 9 - -7?
-11
Calculate 1 - (-46 + -24 - -33).
38
Calculate 3 + (-10 - (-2 + 3)) + 10 + 10.
12
Calculate -5 - ((43 - 44) + (-13 - 0) + -1).
10
Calculate -1 + 2 + 2 + (-13 - -10) + 9.
9
11 + (-3 - -14) + -8
14
What is the value of (3 - -13 - 6 - 0) + 6 - 4?
12
Calculate (-1 - (-1 + 1)) + (-24 - (-68 + 34)).
9
What is the value of -24 - ((32 - 7) + -80)?
31
What is 9 + (-27 - -34) + (2 - -2)?
20
Evaluate -14 - ((0 - 15) + 87 + -94).
8
(12 - 8) + -11 + -12 + 9
-10
Evaluate (2 - 11) + -1 + (-1 - -6).
-5
Calculate -16 - (2 + (-21 - -8)).
-5
-2 - 1 - ((1 - -7) + (7 - 12))
-6
7 - (12 + (-13 - -12) + -20)
16
-56 - (-10 + 6) - -11 - -8 - -4
-29
What is 12 + -6 - ((1 - -22) + 0 + 2)?
-19
Calculate 35 + -12 + -6 - 3.
14
Calculate 7 + 0 - (424 - 433).
16
Calculate (-1 - (1 + -12 + -6)) + -11.
5
Calculate 12 + 4 + -26 + 8.
-2
Evaluate -11 + 6 + 4 + 1 - (0 + -6).
6
What is (-11 - (-4 + 2) - (-13 - -10)) + -17?
-23
What is 9 - (-19 - (13 + -64) - 16)?
-7
-34 - 21 - -28 - -19
-8
What is -1 - (-1 - 6) - (-27 + (4 - -29))?
0
Calculate 24 + (-21 + -10 - -10) + 9.
12
Calculate 23 + (-20 - (16 - -12)).
-25
What is the value of -4 + (4 - 18) + 30?
12
Calculate (3 - 24) + 90 + -106 + 4 + 1.
-32
What is 1 - -14 - (-29 - -47)?
-3
What is (-30 - (-9 + 8)) + (0 - (0 + -9))?
-20
What is -14 + -54 + 53 - (0 + -13)?
-2
-2 + -3 + 15 + -13 + -13 + 1
-15
Calculate -1 + 6 + -11 + -5 + 14.
3
Evaluate 12 - (-10 + 76 + -18).
-36
What is (2 - (-9 - 0 - -13)) + 0?
-2
Evaluate -7 + -1 - (-39 + 82 - 45).
-6
Calculate -2893 - -2850 - (2 - (11 + 2)).
-32
What is the value of 10 - (5 - (0 - (10 + -3 - 0)))?
-2
Calculate 21 + (-32 + 29 - (4 - 10)).
24
Calculate 11 + (1 - -11) + (5 - 17) + 11.
22
What is the value of 15 + -3 + -32 + 2?
-18
What is the value of (0 - 13) + -2 + 8 - -5 - 10?
-12
What is 3 + -33 - (-83 + 83)?
-30
(-15 - -21 - 7) + -3 + -24
-28
What is 40 - 43 - (-2 - 13)?
12
Calculate (-44 - (-15 - (-7 - -2))) + 15.
-19
17 + -4 - (-7 - -7 - -13)
0
Calculate (-4 - (-1 - 2)) + -2 - (-257 - -230).
24
Calculate -7 - (-9 + (2 - -2 - 1)).
-1
1 - 2 - 1 - (-10 - -3 - 2)
7
Calculate -27 - (0 - (-10 + (-8 - -8) - -18)).
-19
What is (-10 - (-9 + 29 - 8)) + 0 + 7?
-15
Calculate 12 + -27 - (-5 + -3).
-7
Evaluate 4 - (16 - (-11 + 17)).
-6
(18 - 7) + (-5 - (1 + 11))
-6
What is 1 + 2 + 20 + (15 - 11) + -6?
21
Evaluate -9 - (-15 + (5 + 0 - 1)).
2
314 + -320 - (-26 - 0)
20
What is the value of (14 - -7) + -27 + 3?
-3
What is the value of (-2 - (-24 + 28)) + (1 - -20)?
15
Calculate -3 + (-16 - (1 - 15)).
-5
Calculate (21 - 80 - -21) + 20.
-18
What is the value of 39 - (-6 + 6) - (-10 - -23)?
26
Evaluate 34 + -15 + 1 + (-1 - 9).
10
What is the value of -1 + 2 + (-5 - (-13 + -5 + 3))?
11
What is (-9 - 13 - -5) + 15?
-2
What is 1 + -5 - (-13 + 22 - 3)?
-10
Calculate 0 + 0 - (2 + 1) - (-39 + 46).
-10
Calculate -10 + (-10 - (-7 - 1) - -18).
6
What is the value of 0 + -12 + (-7 - -8 - (7 - 4))?
-14
Evaluate -4 + (1 - (19 + -7 - 4)).
-11
Calculate (-22 + 7 - 13) + 25.
-3
Evaluate 30 + -14 + -35 - (2 - 15).
-6
Evaluate 17 - (-8 - (-2 - (14 - 4))).
13
Evaluate -16 + 16 - (-19 - ((2 - 6) + -2)).
13
Evaluate 30 - (6 + (33 - 3)).
-6
What is the value of (19 - 4) + (-9 - -2) - (-1 - -11)?
-2
Evaluate 6 - (28 - 15) - -17.
10
What is -10 + (-2 + -1 - (-90 + 88)) + 12?
1
What is the value of 8 - 5 - (-1 + -2 - (9 + 3))?
18
What is -3 + -7 - (-8 - 3)?
1
Calculate 3 - (-2 - ((12 - 4) + -13)).
0
What is the value of 3 + -3 - ((5 - 9 - -17) + -2)?
-11
(-4 - -5) + 1 - 6 - (0 - -3)
-7
Evaluate -6 + 5 + -14 + 17 + (3 - 4).
1
What is -3 + 0 - (-13 - 2) - (0 + -1)?
13
-1 + -5 + (-11 - -11 - -11) - 10
-5
Evaluate -2 + 1 + 7 + (7 - 27) + 27.
13
Calculate 14 + -5 - -25 - 25.
9
Evaluate 6 + (-3 - 5